 w(r) = 9*r**2 - 11102*r + 55310. Calculate w(5).
25
Let q(x) = 111*x**2 + 1122*x + 45. Calculate q(-10).
-75
Let y(g) = 3*g**2 - 70*g + 846. What is y(15)?
471
Let h(z) = -29*z**3 - 7*z**2 + 8*z + 10. Determine h(3).
-812
Let k(n) = -3*n**3 + 582*n**2 + 5496*n - 3031. What is k(203)?
14
Let y(k) = 3991*k**2 - 175605*k - 38. Determine y(44).
-82
Let j(y) = -y**3 + 18*y**2 + 12*y + 34. Determine j(17).
527
Let c(j) = j**3 + 179*j**2 + 2762*j + 1658. Give c(-162).
362
Let p(g) = -22*g + 896. Give p(47).
-138
Let m(z) = -3*z**3 - 15*z**2 - 494*z - 2506. Calculate m(-5).
-36
Let g(f) = -f**3 + 22*f**2 + 29*f - 39. Give g(23).
99
Let h(m) = -40*m**2 - 615*m - 63. Calculate h(-14).
707
Let u(l) = -754*l**3 - 2*l**2 - 23*l + 24. What is u(1)?
-755
Let b(c) = -7545*c - 414972. What is b(-55)?
3
Let r(n) = -3*n**2 - 228*n - 3195. Calculate r(-70).
-1935
Let u(t) = 5661*t - 102077. Give u(18).
-179
Let n(i) = -302*i**2 + 12039*i + 34. What is n(40)?
-1606
Let u(q) = -3537*q - 4612251. Calculate u(-1304).
-3
Let r(s) = s**2 + 2359*s + 608797. Give r(-295).
-83
Let o(k) = 8*k**2 + 525*k - 307. Determine o(-66).
-109
Let q(y) = -1990*y + 529. Calculate q(0).
529
Let g(h) = h**3 + 37*h**2 - 1635*h + 161. Determine g(-63).
-28
Let b(x) = -2*x**3 - 615*x**2 + 8669*x + 665. Give b(-321).
23
Let r(c) = -c**3 + 1575*c**2 - 560861*c - 1631. What is r(544)?
1
Let w(y) = -169*y**2 + 26*y - 36. Determine w(3).
-1479
Let m(v) = 2*v**3 + 113*v**2 - 1047*v - 75113. Calculate m(-53).
41
Let n(x) = -13*x**2 + 226*x + 64. Determine n(16).
352
Let j(a) = a**3 + 6*a**2 - 410*a + 1627. Calculate j(4).
147
Let r(i) = -155489*i + 1710384. What is r(11)?
5
Let x(h) = 3*h**2 + 1379*h - 235032. Calculate x(-592).
-8
Let r(s) = 2*s**2 + 5899*s - 35345. Give r(6).
121
Let n(v) = -25840*v - 594342. What is n(-23)?
-22
Let w(k) = 56*k**2 - 1565*k + 121. Determine w(28).
205
Let h(q) = 6294*q - 893750. What is h(142)?
-2
Let z(o) = 4*o**3 - 877*o - 91. Give z(0).
-91
Let s(v) = -40882*v - 981141. Calculate s(-24).
27
Let z(w) = 9*w**2 - 483*w + 17. Determine z(54).
179
Let b(i) = -5117*i - 97234. Calculate b(-19).
-11
Let v(g) = -165835*g - 995003. What is v(-6)?
7
Let l(y) = -1140*y - 44385. What is l(-39)?
75
Let f(v) = v**3 + 186*v**2 + 1420*v + 1. Determine f(-8).
33
Let q(t) = 512*t + 20514. Calculate q(-40).
34
Let g(j) = -209*j**2 - 242*j + 235. Calculate g(1).
-216
Let p(b) = 4*b**2 + 24*b - 1368. Determine p(26).
1960
Let m(h) = -3129669*h - 25037356. Determine m(-8).
-4
Let p(m) = m**3 - 4*m**2 - 4110*m - 20280. What is p(-5)?
45
Let h(u) = -3375*u - 20699. Calculate h(-6).
-449
Let d(u) = -u**3 + 100*u**2 + 1127*u - 15902. Determine d(109).
12
Let h(q) = 4311*q - 185384. Calculate h(43).
-11
Let f(i) = -132*i + 4058. What is f(27)?
494
Let s(l) = -l**2 + 532*l - 63154. Calculate s(353).
33
Let g(d) = -34*d**2 + 24*d - 90. Give g(5).
-820
Let z(d) = 442*d**2 + 19504*d + 2454. What is z(-44)?
-10
Let g(c) = 2*c**2 + 569*c + 3641. Determine g(-278).
27
Let j(h) = -515*h**2 - 198278*h - 1170. What is j(-385)?
-15
Let z(w) = w**2 - 30*w - 2025. Give z(-29).
-314
Let s(t) = 3*t**3 - 724*t**2 + 2411*t - 7370. What is s(238)?
8
Let w(g) = 2*g**3 - 308*g**2 + 2309*g + 3945. Calculate w(146).
3
Let z(b) = -83*b**2 - 214*b - 65. Give z(-3).
-170
Let b(z) = -223*z**3 - 4*z**2 - 48*z - 47. Calculate b(-1).
220
Let m(o) = 19257*o + 481428. Calculate m(-25).
3
Let b(p) = 11*p**2 - 127*p + 5. Calculate b(11).
-61
Let i(j) = -2*j**3 + 9*j**2 + 346*j - 2452. Calculate i(7).
-275
Let l(f) = 12873*f - 4170854. What is l(324)?
-2
Let b(v) = 522*v + 35309. What is b(-68)?
-187
Let m(q) = -667*q**3 - 1324*q**2 - 33*q - 59. Determine m(-2).
47
Let b(i) = 7299*i + 88340. Determine b(-12).
752
Let o(j) = j**2 - 1847*j - 14858. Determine o(-8).
-18
Let k(z) = -272*z + 4396. Calculate k(15).
316
Let h(n) = 931*n + 787. What is h(-2)?
-1075
Let p(h) = -1156*h - 4116. What is p(-4)?
508
Let m(c) = -2*c**3 - 231*c**2 - 164*c - 4072. Calculate m(-115).
1563
Let r(q) = -3*q**2 - 176*q + 2291. What is r(12)?
-253
Let x(j) = -288*j**2 + 16412*j - 6. Give x(57).
-234
Let v(a) = 102*a**3 + 9*a**2 + 4*a - 44. Give v(2).
816
Let m(f) = -40*f**3 + f**2 - 136*f - 137. What is m(-1)?
40
Let g(p) = -p**2 + 237*p + 7142. Determine g(-27).
14
Let w(d) = -64*d**3 - 18*d**2 - 47*d - 41. Calculate w(-2).
493
Let y(g) = -864965*g - 8649650. What is y(-10)?
0
Let r(j) = -14*j**2 - 679*j - 5578. Determine r(-38).
8
Let d(c) = 2598*c**2 - 1213265*c - 461. Determine d(467).
6
Let r(w) = -w**3 - 167*w**2 + 1028*w - 579. Give r(-173).
1151
Let m(j) = 2667*j - 754745. What is m(283)?
16
Let r(c) = 3471*c + 17386. What is r(-5)?
31
Let r(y) = 82*y - 8326. Determine r(112).
858
Let j(h) = -6*h - 764. Give j(-51).
-458
Let s(x) = 649*x - 38916. Calculate s(60).
24
Let b(v) = 10173*v - 261. Give b(0).
-261
Let n(b) = -14493*b + 2000031. Calculate n(138).
-3
Let z(m) = 13*m**2 + 42*m - 1259. Give z(-17).
1784
Let g(j) = j**3 + 17*j**2 + 96*j + 97. Calculate g(-7).
-85
Let h(d) = -d**3 - 774*d**2 + 22494*d + 30489. What is h(-802)?
13
Let n(m) = -1168090*m + 10512801. Determine n(9).
-9
Let g(t) = t**3 + 27*t**2 - 569*t + 1125. Give g(12).
-87
Let b(y) = y**2 - 38524*y + 4493625. Calculate b(117).
6
Let x(y) = 137*y**2 + 1794*y - 1712. Calculate x(-14).
24
Let x(a) = 306*a + 11492. Calculate x(-40).
-748
Let q(g) = 86*g**2 + 318*g + 54. Calculate q(-3).
-126
Let x(u) = -9*u**3 - 2640*u**2 - 966*u - 25488. Calculate x(-293).
3
Let d(u) = 1005*u + 55384. What is d(-55)?
109
Let u(a) = 1692*a**3 - 32147*a**2 - 10*a - 167. Give u(19).
4
Let u(y) = y**3 + 281*y**2 - 1138*y - 11. Determine u(4).
-3
Let s(p) = -2001*p + 5976. Give s(3).
-27
Let x(l) = -24174*l - 145056. Determine x(-6).
-12
Let q(i) = 1602*i**2 + 2156290*i - 2695. Determine q(-1346).
-3
Let v(y) = 16592*y - 16591. Calculate v(1).
1
Let p(s) = 48*s**2 + 3523*s - 2148. Give p(-74).
-2
Let a(z) = z**2 + 108502*z + 3796349. Calculate a(-35).
4
Let f(l) = -25049*l - 200472. What is f(-8)?
-80
Let s(m) = 4*m**2 + 110*m + 198. Calculate s(-13).
-556
Let f(z) = -2367*z - 3. Determine f(0).
-3
Let s(b) = -123*b + 2235. Determine s(17).
144
Let i(c) = -30088*c - 30090. Determine i(-1).
-2
Let w(c) = 256*c**2 + 3308*c - 34. Give w(-13).
226
Let p(j) = 73*j**2 + 59*j + 660. What is p(-8)?
4860
Let x(m) = 214*m - 15142. What is x(61)?
-2088
Let h(m) = m**2 + 1265*m + 18853. Give h(-15).
103
Let b(d) = -5974*d - 130445. What is b(-22)?
983
Let m(w) = 2460*w + 14817. Calculate m(-6).
57
Let d(n) = 9*n**2 + 11649*n - 23327. What is d(2)?
7
Let c(l) = 1541*l - 38371. What is c(25)?
154
Let w(s) = 17*s**2 - 7413*s + 88908. What is w(12)?
2400
Let i(h) = 289*h**2 - 1428*h + 32. Determine i(5).
117
Let l(q) = -1346*q - 258482. Calculate l(-192).
-50
Let b(y) = -y**3 + 1308*y**2 - 15639*y + 112753. Give b(1296).
1
Let t(g) = -155148*g + 620595. Determine t(4).
3
Let a(s) = 454491*s + 3181437. Determine a(-7).
0
Let r(t) = 3632720*t + 3632720. Give r(-1).
0
Let a(n) = -n**3 - 67*n**2 + 17*n - 75. Determine a(6).
-2601
Let p(j) = 9209*j - 16797. Give p(2).
1621
Let l(t) = t**2 - 243*t - 94479. Calculate l(452).
-11
Let b(c) = -7*c**3 - 16*c**2 + 10*c - 40. Give b(-5).
385
Let u(w) = -7*w**2 - 10087*w + 10090. Calculate u(-1442).
-4
Let l(x) = 8*x**3 + 79*x**2 + 151*x + 1030. Determine l(-9).
238
Let r(s) = 13505*s + 67682. Calculate r(-5).
157
Let u(s) = -6*s**2 - 1039*s - 40098. Calculate u(-115).
37
Let n(g) = -607*g - 7899. What is n(-15)?
1206
Let s(y) = y**2 + 706*y - 120433. Give s(142).
-17
Let j(l) = -4*l**2 - 205*l - 938. Determine j(-54).
-1532
Let h(m) = -2*m**3 + m**2 + 173*m + 186. Calculate h(10).
16
Let k(y) = -10*y**2 - 14*y + 1701. What is k(-15)?
-339
Let t(f) = f**2 + 300*f - 5578. What is t(18)?
146
Let t(w) = 1306*w + 5315. Determine t(-3).
1397
Let o(v) = 97039*v - 291232. Calculate o(3).
-115
Let p(y) = 136*y - 18045. What is p(133)?
43
Let b(t) = -9446*t + 141666. Give b(15).
-24
Let v(x) = x**2 + 107*x + 2399. Calculate v(-32).
-1
Let i(o) = 205*o + 53956. What is i(-262)?
246
Let m(o) = -o**3 - 2267*o**2 - 36017*o - 39. Give m(-16).
-23
Let o(l) = 2238*l + 3138. Determine o(-2).
-1338
Let z(i) = -25*i**2 + 114*i - 636. Give z(5).
-691
Let g(k) = 14432*k + 1212355. De